13, 163, 8419
List the prime factors of 77127726.
2, 3, 13, 19, 71, 733
List the prime factors of 50605060.
2, 5, 11, 23, 73, 137
List the prime factors of 11637509.
13, 5297
What are the prime factors of 3196667765?
5, 23, 31, 896681
What are the prime factors of 412777727?
53, 7788259
List the prime factors of 279404945.
5, 17, 37, 73, 1217
What are the prime factors of 30586089?
3, 10195363
What are the prime factors of 109605916?
2, 7, 1459, 2683
List the prime factors of 46539976.
2, 7, 831071
What are the prime factors of 4298996?
2, 13, 47, 1759
What are the prime factors of 41783243?
41783243
What are the prime factors of 124540950?
2, 3, 5, 31, 26783
What are the prime factors of 1906813577?
1906813577
What are the prime factors of 617302230?
2, 3, 5, 47, 641, 683
What are the prime factors of 11159459?
37, 197, 1531
List the prime factors of 1634684148.
2, 3, 45407893
What are the prime factors of 616602286?
2, 977, 315559
What are the prime factors of 3363330162?
2, 3, 560555027
What are the prime factors of 2261796492?
2, 3, 188483041
What are the prime factors of 590648528?
2, 59, 313, 1999
What are the prime factors of 40228269?
3, 137, 97879
List the prime factors of 262396760.
2, 5, 1427, 4597
List the prime factors of 358630144.
2, 1400899
List the prime factors of 91451033.
41, 2230513
List the prime factors of 1142495355.
3, 5, 76166357
What are the prime factors of 2313890574?
2, 3, 23, 97, 172859
List the prime factors of 2505804377.
2505804377
List the prime factors of 334050294.
2, 3, 55675049
What are the prime factors of 6425882?
2, 311, 10331
List the prime factors of 29188497.
3, 13, 57571
List the prime factors of 5119533.
3, 17, 33461
List the prime factors of 48016142.
2, 24008071
List the prime factors of 1934966924.
2, 11, 43976521
List the prime factors of 205131725.
5, 113, 72613
What are the prime factors of 1728220561?
17, 41, 2479513
List the prime factors of 3006962123.
11, 379, 721267
List the prime factors of 16451650.
2, 5, 89, 3697
List the prime factors of 7315685044.
2, 131, 3041, 4591
List the prime factors of 893898844.
2, 97, 727, 3169
List the prime factors of 48559555.
5, 11, 23, 1669
What are the prime factors of 1729713724?
2, 53, 643, 12689
List the prime factors of 843296448.
2, 3, 4392169
List the prime factors of 107426939.
181, 593519
What are the prime factors of 609616095?
3, 5, 11, 3694643
List the prime factors of 260398086.
2, 3, 13, 3338437
List the prime factors of 52022269.
13, 4001713
What are the prime factors of 48014523?
3, 997, 5351
What are the prime factors of 68727805?
5, 13745561
What are the prime factors of 234211699?
67, 3495697
What are the prime factors of 907547741?
1427, 635983
What are the prime factors of 2802663808?
2, 7, 109, 28697
What are the prime factors of 1645666933?
79, 131, 159017
What are the prime factors of 474237803?
13, 107, 340933
List the prime factors of 194815930.
2, 5, 19, 1025347
What are the prime factors of 484659662?
2, 12601, 19231
What are the prime factors of 3096526569?
3, 541, 1907903
What are the prime factors of 386534586?
2, 3, 2699, 23869
List the prime factors of 31373581.
31, 47, 61, 353
List the prime factors of 219345850.
2, 5, 29, 151273
List the prime factors of 745142520.
2, 3, 5, 6209521
List the prime factors of 375455538.
2, 3, 67, 311323
What are the prime factors of 300832340?
2, 5, 17, 811, 1091
List the prime factors of 406310477.
406310477
What are the prime factors of 1627574240?
2, 5, 2593, 3923
List the prime factors of 731589362.
2, 7, 52256383
List the prime factors of 57202763.
263, 827
List the prime factors of 1858402501.
1858402501
What are the prime factors of 3675884418?
2, 3, 7879, 25919
What are the prime factors of 839045233?
13, 1607, 40163
List the prime factors of 128042356.
2, 13, 2462353
List the prime factors of 52505459.
839, 62581
What are the prime factors of 2656624?
2, 17, 9767
What are the prime factors of 23625299?
23625299
List the prime factors of 193252267.
13, 14865559
List the prime factors of 80006069.
11, 13, 559483
What are the prime factors of 849657638?
2, 2311, 183829
List the prime factors of 69214399.
69214399
What are the prime factors of 518670645?
3, 5, 19, 317, 5741
List the prime factors of 255483896.
2, 31, 709, 1453
What are the prime factors of 573989349?
3, 397, 481939
What are the prime factors of 187602735?
3, 5, 17, 735697
List the prime factors of 1000503591.
3, 281, 1186837
What are the prime factors of 3229709358?
2, 3, 23, 23403691
What are the prime factors of 1021821277?
1181, 865217
List the prime factors of 273060093.
3, 113, 805487
What are the prime factors of 98833302?
2, 3, 5490739
What are the prime factors of 28101188?
2, 43, 199, 821
What are the prime factors of 295805309?
79, 3744371
What are the prime factors of 104093235?
3, 5, 173, 4457
List the prime factors of 901260198.
2, 3, 23, 2176957
What are the prime factors of 62393661?
3, 11, 173, 3643
What are the prime factors of 201280344?
2, 3, 257, 32633
What are the prime factors of 45945353?
109, 421517
List the prime factors of 1594987808.
2, 23, 2167103
List the prime factors of 23487869.
23487869
What are the prime factors of 57600757?
29, 1986233
What are the prime factors of 179577372?
2, 3, 13, 73, 1213
List the prime factors of 42168920.
2, 5, 53, 19891
What are the prime factors of 194791455?
3, 5, 83, 52153
List the prime factors of 11887682.
2, 5943841
List the prime factors of 165369056.
2, 43, 120181
What are the prime factors of 846841440?
2, 3, 5, 1764253
List the prime factors of 590530110.
2, 3, 5, 19684337
List the prime factors of 846115995.
3, 5, 179, 315127
List the prime factors of 35059756.
2, 41, 313, 683
What are the prime factors of 1472703492?
2, 3, 13, 9440407
List the prime factors of 257645441.
521, 494521
List the prime factors of 1157714849.
1157714849
List the prime factors of 54444137.
11, 1109, 4463
What are the prime factors of 2461270289?
113, 281, 77513
What are the prime factors of 215223355?
5, 19, 29, 78121
List the prime factors of 199131499.
7, 71, 101, 3967
What are the prime factors of 508174504?
2, 647, 98179
What are the prime factors of 4167196393?
4167196393
List the prime factors of 576742038.
2, 3, 7621, 12613
What are the prime factors of 100828217?
7, 14404031
List the prime factors of 206065755.
3, 5, 7, 17, 101, 127
List the prime factors of 5875280486.
2, 2937640243
List the prime factors of 357057.
3, 97, 409
What are the prime factors of 46484640?
2, 3, 5, 19, 1699
List the prime factors of 653384333.
7, 89, 439, 2389
List the prime factors of 256261416.
2, 3, 10677559
List the prime factors of 405574103.
11, 1663, 22171
What are the prime factors of 81469511?
19, 307, 13967
List the prime factors of 32790651.
3, 73, 149729
What are the prime factors of 1963469232?
2, 3, 37, 401, 919
List the prime factors of 54495959.
7, 29, 9257
What are the prime factors of 103803254?
2, 139, 373393
List the prime factors of 105791032.
2, 13223879
List the prime factors of 11894492.
2, 17, 211, 829
What are the prime factors of 31491650?
2, 5, 17, 37049
List the prime factors of 107958403.
7, 53, 290993
List the prime factors of 43398308.
2, 53, 269, 761
What are the prime factors of 500090957?
4871, 102667
What are the prime factors of 645986383?
7, 17, 319321
List the prime factors of 345015370.
2, 5, 7, 151, 4663
What are the prime factors of 2645170205?
5, 529034041
What are the prime factors of 384801590?
2, 5, 38480159
What are the prime factors of 83069727?
3, 13, 47, 45319
What are the prime factors of 143116109?
191, 749299
What are the prime factors of 144599931?
3, 7, 109297
What are the prime factors of 2858171803?
2858171803
What are the prime factors of 890719592?
2, 7, 15905707
List the prime factors of 11475297.
3, 19, 22369
What are the prime factors of 335887240?
2, 5, 13, 645937
What are the prime factors of 77460663?
3, 7, 19, 83, 2339
List the prime factors of 56730251.
83, 227, 3011
What are the prime factors of 181425058?
2, 23, 503, 7841
List the prime factors of 7200550.
2, 5, 7, 2939
List the prime factors of 171931196.
2, 42982799
What are the prime factors of 5742095647?
5742095647
What are the prime factors of 12007514